5*c + 17. Let o be k(5). Is ((-22)/(-6))/(4/o) a composite number?
True
Let j(z) = -z - 1. Let q be j(3). Let c(d) be the first derivative of -15*d**2/2 + 2*d + 4. Is c(q) composite?
True
Suppose -442 = -i - 64. Suppose -3*t - 983 = -n, n - 4*t - 609 = i. Is n a prime number?
True
Is (-11)/((-33)/96) - (2 + -1) prime?
True
Suppose 14*w = 8*w + 1266. Is w a composite number?
False
Let l = -1511 + 2178. Is l a prime number?
False
Let k = -832 + 1213. Is k composite?
True
Suppose -4*j = -94 - 34. Let h(x) = -1 - 16*x + 5*x - 10*x - j*x. Is h(-4) a composite number?
False
Let t = 142 + 237. Is t composite?
False
Let i = 29 + -19. Is 1 + 14 - (12 - i) composite?
False
Let v(r) = -r**2. Suppose 2*i - i = 1. Let t(p) = -p**2 + 6*p + 7. Let a(s) = i*t(s) - 5*v(s). Is a(-5) prime?
False
Suppose -s + 6*s = p - 4271, -21355 = -5*p - 3*s. Is p a prime number?
True
Suppose 5*n = -5*x + 2650, 4*n + 2*x - 2635 = -n. Let i = n - 56. Is i a composite number?
True
Suppose -64 = -12*b + 8. Is 730/8*24/b a composite number?
True
Suppose 5*w = v + 273, -5*v - 2137 = 4*w - 714. Let i = v + 496. Is i prime?
False
Is (-24235)/(-8) + (-72)/192 prime?
False
Suppose -12*s + 3 + 33 = 0. Suppose -3*n + 7938 = -s*f, -5*f + 5685 = 2*n + 358. Is n a prime number?
False
Suppose 4*a + 2*j - 272 = 0, 3*a + 0*a + 2*j - 203 = 0. Is a a prime number?
False
Let d(w) = -w + 8. Let k be d(2). Is (-38406)/(-26) - k/(-39)*-1 prime?
False
Suppose 5*v = k + 3, 2*k = 4*k - 4*v + 24. Is 1/4*-2 - 37845/k a composite number?
True
Suppose -4*r + 3*r + 4 = 0. Suppose -d - d = -r. Suppose -3*i + n = -3*n - 13, 0 = -d*i - n + 27. Is i a composite number?
False
Let n(x) = x**2 - 8*x - 4. Let c be n(6). Let s be c/(-6)*(-31 - 2). Let d = -57 - s. Is d prime?
True
Let u be (-4)/18 + 18562/18. Suppose c - u - 24 = 0. Is c a prime number?
False
Let q be (-56 - -2)/((27/(-6))/(-3)). Is (5 + 3807)*3/q*-3 prime?
True
Let a(q) = -3888*q + 221. Is a(-6) prime?
True
Let y = -606 + 855. Suppose -153 - y = -2*q. Is q prime?
False
Suppose -y + 25 = -4*d, 3*d + 10 = -5. Suppose -y*a - 2*v = -1877, -2*a - 4*v = -9*v - 745. Suppose -o + 367 = t, -5*t + o = -4*t - a. Is t composite?
True
Suppose 3*u = -1 - 2, -f = -5*u - 364. Let m = f - 198. Is m a prime number?
False
Let w be (828/(-16) - 1)/(4/(-32)). Suppose -u = 13 - w. Is u composite?
False
Let y(q) = -5136*q + 43. Is y(-2) a composite number?
True
Is 5*1081/15*(-26 + 29) a composite number?
True
Suppose -4*w - 56347 = -3*v, -2 = 5*w + 3. Is v a composite number?
True
Is (13 + -10)/(234145/117065 + -2) a prime number?
False
Let a = 17 - 13. Suppose -a*h + 9 = -11. Suppose -5*c = -h*q - 956 - 604, 2*q - 10 = 0. Is c composite?
False
Suppose -4*m + 10745 + 29225 = 3*w, 3*m - 29983 = -5*w. Is m a prime number?
False
Let q(b) = 1407*b + 17. Is q(2) a prime number?
False
Suppose 30 = 9*v - 14*v. Let t(h) = 8*h**2 + 19*h - 11. Is t(v) a prime number?
True
Suppose 0 = 4*y + 12 + 4, -4*y - 10 = 3*d. Suppose j - 130 - 59 = 4*t, 0 = d*j - 4*t - 358. Is j a composite number?
True
Let v = 21 + -21. Suppose t - 3*t + 134 = v. Is t a composite number?
False
Let b = 4 - 2. Suppose m = 5*p - 31, -3*p + 4*m + 21 + 1 = 0. Suppose 4*u = -16, -343 = -p*l + l + b*u. Is l a composite number?
False
Suppose 12*b - 27 - 9 = 0. Suppose 0 = -4*o + 5*f + 18, 2*f = -5*o - b*f + 45. Is o a prime number?
True
Let h(a) = 222*a. Let p be h(-2). Let n(w) = -40*w - 43. Let q be n(15). Let c = p - q. Is c composite?
False
Suppose 3*y = 2*t - 28 - 21, 4*y - 28 = -2*t. Let h = 19 + 231. Suppose -h = -2*w - t. Is w composite?
True
Let b(h) = -h**3 - h**2 + 4. Let g(n) = n**3 + 8*n**2 + 7*n. Let x be g(-7). Let c be b(x). Is (2/c)/((-2)/(-1492)) composite?
False
Let o(d) = d**2 - 11*d + 5. Let f be o(9). Let j(u) = u**2 + 13*u - 2. Let t be j(f). Let y(h) = -191*h - 5. Is y(t) prime?
False
Let q(g) = -16063*g + 11. Is q(-2) prime?
False
Let h be (-2)/(-4) + (-4 - 31/(-2)). Suppose 10*n - h*n + 446 = 0. Is n composite?
False
Is 17688 + (7 - (7 + 7)) prime?
True
Let s(w) = 26*w**2 + 52*w - 27. Is s(11) a prime number?
True
Is 1412 + 5 + (-12)/2 a prime number?
False
Suppose -31 = -3*f - 5*d, -3*f - 3*d + d + 43 = 0. Let i = 22 - f. Suppose 835 = i*t - 5*j - 540, -2*t + j = -549. Is t composite?
True
Suppose 4*t - 2*u = -4*u + 178, 3*t + 3*u = 141. Let a be (3/(-6))/((-3)/t). Is (49/4)/a*236 prime?
False
Let y(l) = l**2 - 5*l - 3. Let m be y(5). Let h(o) = 66*o + 15*o**2 - 25*o - 43*o + 2. Is h(m) a prime number?
False
Let u be (-16)/(-6) + (-3)/(-9) + 0. Is 683/u*(-7 - -10) a prime number?
True
Suppose -5*y = -4*n + 14 + 71, 4*n = -5*y - 45. Is (79 - 5)*y/(-2) composite?
True
Suppose t + 10713 = 40802. Is t a composite number?
False
Suppose -4*x = 1641 + 1171. Let z = x - -1422. Is z composite?
False
Let m(l) be the third derivative of l**5/12 + l**4/3 - 7*l**3/6 + 3*l**2. Is m(6) a composite number?
True
Suppose 4*h - 3*h - 467 = 0. Suppose -4*w = -3*r + 6*r - 1401, h = r - 5*w. Let d = -326 + r. Is d composite?
True
Let t(g) = -5*g**2 - g + 2. Let n be t(1). Is (-6)/n - 5836/(-8) a prime number?
False
Let l(j) = 18*j**2 + 43*j + 1. Is l(-10) a prime number?
False
Let l(q) = -q**2 + 7*q - 4. Let h be l(6). Suppose 0*k - t - 567 = -h*k, 0 = -5*t + 5. Suppose 0 = 3*a - k - 685. Is a prime?
False
Suppose -12795 - 5768 = -19*i. Is i a prime number?
True
Let n be (8/(-6))/(4/(-6)). Suppose -n*s = -5*c + 166, -3*c + s + 39 = -60. Is (c - 1) + 3 + -3 a prime number?
True
Suppose -17007 = -3*z - 0*z. Is z a composite number?
False
Let b = -665 + 1620. Is b a prime number?
False
Let q(a) = 674*a**2 - 15*a - 6. Is q(-5) a composite number?
True
Let a(i) = -259*i - 424. Is a(-35) composite?
False
Let w be -14 + 14 - -159*1. Is -3*w/18*-2 a prime number?
True
Let p = -86 - -65. Suppose 0 = -o - 38 + 150. Let y = o + p. Is y a composite number?
True
Let f(w) = -w + 6. Let l = -21 + 30. Let n be f(l). Is (51/6)/(n/(-78)) prime?
False
Suppose 0*g - 1668 = -2*g. Suppose 4*h + 3*r = 1664, -r = h + h - g. Is h a prime number?
True
Let c = 19 + -14. Suppose c*i - s = 2*i + 236, 0 = i - 2*s - 77. Let k = 39 + i. Is k a prime number?
False
Is (-2388)/18*(-45)/6 composite?
True
Let o(z) = -2*z**3 - 2*z**2 + z. Let x be o(2). Let m = -16 - x. Suppose f - m*f - 210 = -c, -3*c + 720 = 3*f. Is c prime?
False
Suppose 2*m = 8, 3*h + m - 8475 + 170 = 0. Is h a composite number?
False
Let q(h) be the first derivative of -81*h**2 - h + 2. Suppose -o - 4*o - 2*w = 28, 3*w + 20 = -2*o. Is q(o) a prime number?
True
Suppose -3*x = -5*t - 1952, -2*x - t + 2595 = 2*x. Is x prime?
False
Let q(x) = 116*x + 7. Let m be q(-5). Suppose s = -127 - 259. Let i = s - m. Is i prime?
False
Let r(i) = -6*i**3 + 5*i**2 - 3*i. Let n be r(2). Is (n/8 + 4)*-4348 composite?
False
Let n = -82 + 83. Is ((-58)/(-87))/(n + (-3842)/3846) prime?
True
Let d be (-391)/(-119) - 4/14. Is d*(-5)/(-15)*251 composite?
False
Suppose -2*u + 4*f + 16933 = -6657, -4*f + 59017 = 5*u. Is u a prime number?
True
Suppose 3*p - 11197 - 7232 = 0. Is p prime?
True
Let t(x) = 2068*x - 189. Is t(17) a prime number?
False
Let z be 9670*-1 - (13 + -7 + -7). Is ((-1)/2)/(z/(-1934) + -5) a composite number?
False
Let z(i) = i**3 + 2*i**2 - i + 1. Let l be z(-3). Let u be 3/(-15) + 4/l. Is 3/(0 - u) - -112 prime?
False
Let l(u) be the first derivative of u**4/4 + 17*u**3/3 - u**2/2 + 28*u - 15. Is l(-15) a prime number?
False
Let l(f) = -f + 8. Let q be l(8). Suppose q = 3*n - 4*n + 1454. Is n a prime number?
False
Let u be 9081/15 + (-12)/30. Let w = 5289 - u. Suppose 15*g = 19*g - w. Is g prime?
True
Let k(g) = -2*g - 2*g + 2*g**2 + 76 + 5*g - g**3. Let h be k(0). Suppose -4*p = -0*p - h. Is p composite?
False
Suppose -12*c + 10*c + 8402 = 0. Is c composite?
False
Suppose -j + 2*d - 1 - 12 = 0, j + 5*d = 1. Let q(r) = -36*r + 31. Is q(j) prime?
False
Suppose 8428 = 25*c - 18097. Is c a composite number?
False
Let c(x) = -x**2 + 12*x + 3. Let z be 1/(-4) - (-147)/12. Let i be c(z). Is i/1 + 44 + 0 a prime number?
True
Let w(q) = 32527*q**2 - 143*q - 143. Is w(-1) a composite number?
True
Let j = 4401 - -23540. Is j composite?
False
Suppose -3*i = -0*q + 4*q - 14, 0 = 3*q + i - 8. Is (q/(-3))/(-2*1/318) composite?
True
Suppose -5*o + s + 26511 = 0, -6*o + 4*s + 21196 = -2*o. I